{"id":710,"date":"2025-09-19T00:00:40","date_gmt":"2025-09-19T00:00:40","guid":{"rendered":"https:\/\/promo-theme.com\/novo\/dark\/?page_id=710"},"modified":"2025-10-07T15:38:38","modified_gmt":"2025-10-07T15:38:38","slug":"our-blog","status":"publish","type":"page","link":"https:\/\/our.quangdd.com\/?page_id=710","title":{"rendered":"Our Blog"},"content":{"rendered":"<div class=\"wpb-content-wrapper\"><p>[vc_row][vc_column][vc_custom_heading text=&#8221;Our blog&#8221; font_container=&#8221;tag:h2|text_align:center&#8221; use_theme_fonts=&#8221;yes&#8221; css=&#8221;&#8221; decor_line=&#8221;on&#8221;]<div class=\"blog-block\"><div class=\"blog-items load-wrap row blog-type-masonry blog-59bfa5cd550aa \"><article class=\"blog-item  category-5 with-image col-12 col-sm-4 col-md-4\"><div class=\"wrap\"><div class=\"img\"><a href=\"https:\/\/our.quangdd.com\/?p=1198\" data-original=\"\/wp-content\/uploads\/2025\/10\/20251005_072710000_iOS-1024x717.jpg\"><img loading=\"lazy\" decoding=\"async\" width=\"70\" height=\"49\" src=\"\/wp-content\/uploads\/2025\/10\/20251005_072710000_iOS-70x49.jpg\" class=\"attachment-yprm-lazyloading-placeholder size-yprm-lazyloading-placeholder\" alt=\"\" srcset=\"\/wp-content\/uploads\/2025\/10\/20251005_072710000_iOS-70x49.jpg 70w, \/wp-content\/uploads\/2025\/10\/20251005_072710000_iOS-300x210.jpg 300w, \/wp-content\/uploads\/2025\/10\/20251005_072710000_iOS-1024x717.jpg 1024w, \/wp-content\/uploads\/2025\/10\/20251005_072710000_iOS-768x538.jpg 768w, \/wp-content\/uploads\/2025\/10\/20251005_072710000_iOS-1536x1075.jpg 1536w, \/wp-content\/uploads\/2025\/10\/20251005_072710000_iOS-2048x1434.jpg 2048w\" sizes=\"auto, (max-width: 70px) 100vw, 70px\" \/><\/a><\/div><div class=\"content\"><h5><a href=\"https:\/\/our.quangdd.com\/?p=1198\">T\u00e3 X\u00f9a b\u00e3o t\u00e1p 2025<\/a><\/h5><div class=\"date\">2 Th\u00e1ng 10, 2025<\/div><p>Lorem ipsum dolor sit amet, consectetur adipisicing elit, sed do eiusmod tempor incididunt ut labore et dolore magna aliqua. Ut enim ad minim veniam, quis nostrud exercitation ullamco laboris ...<\/p><\/div><div class=\"clear\"><\/div><div class=\"bottom like-on comment-on\"><div class=\"col\"><a href=\"#\" class=\"zilla-likes\" id=\"zilla-likes-1198\" title=\"Like this\" data-postfix=\" like\"><i class=\"multimedia-icon-heart\"><\/i> <span>0 likes<\/span><\/a><\/div><div class=\"col\"><i class=\"multimedia-icon-speech-bubble-1\"><\/i> <a href=\"https:\/\/our.quangdd.com\/?p=1198#comments\">Kh\u00f4ng c\u00f3 b\u00ecnh lu\u1eadn<\/a><\/div><\/div><\/div><\/article><\/div><\/div>[\/vc_column][\/vc_row]<\/p>\n<\/div>","protected":false},"excerpt":{"rendered":"<p>[vc_row][vc_column][vc_custom_heading text=&#8221;Our blog&#8221; font_container=&#8221;tag:h2|text_align:center&#8221; use_theme_fonts=&#8221;yes&#8221; css=&#8221;&#8221; decor_line=&#8221;on&#8221;][\/vc_column][\/vc_row]<\/p>\n","protected":false},"author":1,"featured_media":0,"parent":0,"menu_order":0,"comment_status":"closed","ping_status":"closed","template":"template-landing.php","meta":{"_acf_changed":false,"footnotes":""},"class_list":["post-710","page","type-page","status-publish","hentry"],"acf":[],"_links":{"self":[{"href":"https:\/\/our.quangdd.com\/index.php?rest_route=\/wp\/v2\/pages\/710","targetHints":{"allow":["GET"]}}],"collection":[{"href":"https:\/\/our.quangdd.com\/index.php?rest_route=\/wp\/v2\/pages"}],"about":[{"href":"https:\/\/our.quangdd.com\/index.php?rest_route=\/wp\/v2\/types\/page"}],"author":[{"embeddable":true,"href":"https:\/\/our.quangdd.com\/index.php?rest_route=\/wp\/v2\/users\/1"}],"replies":[{"embeddable":true,"href":"https:\/\/our.quangdd.com\/index.php?rest_route=%2Fwp%2Fv2%2Fcomments&post=710"}],"version-history":[{"count":2,"href":"https:\/\/our.quangdd.com\/index.php?rest_route=\/wp\/v2\/pages\/710\/revisions"}],"predecessor-version":[{"id":3561,"href":"https:\/\/our.quangdd.com\/index.php?rest_route=\/wp\/v2\/pages\/710\/revisions\/3561"}],"wp:attachment":[{"href":"https:\/\/our.quangdd.com\/index.php?rest_route=%2Fwp%2Fv2%2Fmedia&parent=710"}],"curies":[{"name":"wp","href":"https:\/\/api.w.org\/{rel}","templated":true}]}}